) = -35*i - 601. Determine n(-17).
-6
Let m(i) = -165*i + 140. Give m(2).
-190
Let m(w) = -6*w**2 - 4*w + 11. Determine m(-3).
-31
Let z(g) = -69301*g - 277210. What is z(-4)?
-6
Let m(z) = -z**2 + 13*z + 52. What is m(-3)?
4
Let s(d) = d**2 + 22*d + 61. Give s(-8).
-51
Let w(a) = -3*a**2 - 64*a + 1796. What is w(16)?
4
Let q(u) = -u**3 - 27*u**2 - 50*u - 10. Give q(-25).
-10
Let q(k) = -5*k**3 - 65*k**2 + 7*k. Give q(-13).
-91
Let p(o) = 2*o**3 - 33*o**2 - 100*o + 82. Calculate p(19).
-13
Let a(v) = 1315*v - 10506. Give a(8).
14
Let q(k) = 6*k**2 + 201*k + 280. Determine q(-32).
-8
Let n(w) = -20*w**2 + 3*w - 4. Give n(-3).
-193
Let o(s) = -15*s - 385. Calculate o(-26).
5
Let l(x) = -17*x**2 - 4*x + 92. What is l(7)?
-769
Let g(k) = k**2 + 19*k + 6. What is g(-19)?
6
Let h(t) = 22*t + 577. Give h(-28).
-39
Let p(o) = -2*o**3 - 332*o**2 - 330*o - 14. Determine p(-165).
-14
Let d(l) = -l**3 - 10*l**2 - 16*l + 31. What is d(-7)?
-4
Let w(k) = -295*k - 198. What is w(-1)?
97
Let d(x) = 10*x**2 - 246*x + 747. Calculate d(3).
99
Let w(t) = 4*t**2 - 66*t + 19. Determine w(16).
-13
Let z(o) = 3*o**3 - 132*o**2 + 947*o - 79. Calculate z(35).
-9
Let g(s) = -3*s**2 + 97*s - 461. Calculate g(27).
-29
Let o(z) = -z**2 + 30*z + 12. What is o(25)?
137
Let l(t) = 34*t - 263. Calculate l(9).
43
Let q(o) = -42*o - 3307. Calculate q(-78).
-31
Let p(f) = f**3 + 34*f**2 - 80*f - 303. What is p(-36)?
-15
Let z(w) = -9*w + 4. Calculate z(-19).
175
Let h(d) = -d**3 + 3*d**2 + d - 9. What is h(7)?
-198
Let q(d) = 3*d**3 + 51*d**2 + 24*d + 400. Give q(-17).
-8
Let x(t) = 34408*t - 137626. Give x(4).
6
Let s(w) = -4438*w - 57693. Give s(-13).
1
Let o(n) = 84*n + 2698. What is o(-32)?
10
Let d(p) = -p**2 - 17*p + 302. Determine d(22).
-556
Let a(s) = 4*s**3 + 93*s**2 + 26*s + 70. Give a(-23).
1
Let i(v) = v**2 + 315*v + 18169. Calculate i(-76).
5
Let o(f) = f**3 - 33*f**2 - 121*f + 565. Determine o(36).
97
Let h(k) = k**2 - 309*k + 23526. What is h(173)?
-2
Let x(f) = 159*f - 864. What is x(8)?
408
Let d(f) = 3*f - 134. Determine d(49).
13
Let t(c) = 34*c + 141. Determine t(-6).
-63
Let a(p) = p**3 - 117*p**2 - 205*p - 3940. Give a(119).
-13
Let n(h) = 4*h**2 - 58*h - 22. Determine n(15).
8
Let r(c) = -5*c**2 - 789*c - 588. Give r(-157).
40
Let g(p) = -5*p**2 + 152*p + 1. What is g(31)?
-92
Let y(i) = 5*i**2 + 230*i - 991. What is y(-50)?
9
Let k(x) = 35*x - 2938. Determine k(84).
2
Let r(p) = 4*p**2 + 7*p - 141. Give r(5).
-6
Let a(o) = 6*o**3 + 80*o**2 + 229*o + 10. Determine a(-4).
-10
Let a(t) = -3*t**2 + 6*t + 498. What is a(14)?
-6
Let o(v) = -10*v**2 + 236*v + 607. Calculate o(26).
-17
Let h(l) = -2*l**2 - 109*l - 1094. What is h(-42)?
-44
Let j(g) = -7*g**3 - 426*g**2 + 65*g + 188. What is j(-61)?
-56
Let u(h) = 185*h - 472. What is u(4)?
268
Let z(f) = -5*f**2 + 266*f + 769. Determine z(-3).
-74
Let z(r) = -2*r**2 - 68*r - 191. Give z(-3).
-5
Let d(u) = -u**2 - 711*u - 4934. Determine d(-7).
-6
Let y(o) = 878*o - 3465. What is y(4)?
47
Let q(z) = z**3 + 59*z**2 + 224*z + 199. Calculate q(-55).
-21
Let y(h) = -2*h**3 + 7*h**2 + 47*h - 4. Determine y(-4).
48
Let u(z) = 3*z**3 + 11*z**2 - 182*z - 569. Calculate u(-3).
-5
Let o(u) = 1955*u + 113384. Give o(-58).
-6
Let j(q) = -72*q - 858. Calculate j(-12).
6
Let k(s) = 452*s + 25328. What is k(-56)?
16
Let l(j) = -842*j - 399. Calculate l(-1).
443
Let m(v) = 4*v**3 - 9*v**2 - 67*v + 276. What is m(4)?
120
Let j(t) = 4*t**2 - 64*t + 57. What is j(15)?
-3
Let k(y) = -4*y**2 + 241*y + 66. Give k(61).
-117
Let p(l) = -2*l**2 + 369*l + 21755. Calculate p(-47).
-6
Let s(f) = 280*f - 10163. Determine s(36).
-83
Let w(k) = 60*k**2 + 60*k + 125. Determine w(-2).
245
Let w(h) = -9*h - 1341. Determine w(-147).
-18
Let x(t) = 2*t**3 - 87*t**2 + 60*t - 729. What is x(43)?
2
Let d(h) = -8*h**3 + 38*h**2 - 10*h - 2. Calculate d(4).
54
Let d(u) = u**3 + 4*u**2 - 81*u - 457. What is d(-6)?
-43
Let s(i) = i**3 + 7*i**2 + 51*i + 416. What is s(-8)?
-56
Let f(g) = -g**3 + 31*g + 31. Determine f(-5).
1
Let b(w) = -55*w**2 + 825*w - 2. Give b(15).
-2
Let x(c) = -c**3 - 13*c**2 + 44*c - 166. Determine x(-16).
-102
Let w(d) = d**2 + 54*d + 469. Calculate w(-41).
-64
Let h(x) = -426*x - 2941. Determine h(-7).
41
Let d(r) = -94*r - 3037. What is d(-33)?
65
Let t(v) = -v**3 + 15*v**2 + 18*v - 129. Calculate t(13).
443
Let f(a) = -a**3 + 6*a**2 + a - 10. Determine f(7).
-52
Let y(h) = -h**3 - 4*h**2 - 8*h + 1. Calculate y(-6).
121
Let f(x) = x**3 - 3*x**2 + 10*x - 52. Calculate f(4).
4
Let t(u) = -u**2 + 4862*u - 29130. Give t(6).
6
Let t(m) = 74*m - 17751. What is t(240)?
9
Let m(f) = 177*f + 1549. Give m(-9).
-44
Let j(c) = 122*c - 875. Give j(7).
-21
Let o(l) = -6*l**3 + 64*l**2 + 6*l + 164. Give o(11).
-12
Let t(i) = -51*i + 1794. Calculate t(35).
9
Let s(g) = 48*g - 1077. Give s(10).
-597
Let y(c) = c**3 + 26*c**2 + 52*c + 8. Give y(-24).
-88
Let x(i) = -87*i + 6249. Calculate x(72).
-15
Let x(q) = 32*q**2 - 2314*q + 723. Determine x(72).
3
Let t(r) = -105*r + 1158. What is t(11)?
3
Let a(b) = b**3 + 11*b**2 + 17*b + 6. Give a(-6).
84
Let z(q) = 5128*q - 25645. Determine z(5).
-5
Let l(d) = -16*d**2 - 12*d + 34. What is l(3)?
-146
Let l(s) = -s**2 - 34*s + 205. Give l(6).
-35
Let h(d) = 6*d**2 - 10*d + 21. Calculate h(2).
25
Let j(x) = 6*x**3 - 425*x**2 - 25*x - 3258. Give j(71).
8
Let b(n) = n**3 - 11*n**2 + 5*n + 27. Calculate b(10).
-23
Let d(r) = -2*r**2 + 2406*r - 86286. Give d(37).
-2
Let f(w) = 2*w**3 - 31*w**2 + 33*w + 19. Calculate f(14).
-107
Let u(v) = 2*v**3 + 113*v**2 - 57*v - 45. Calculate u(-57).
-45
Let t(u) = -u**2 - 132*u - 1658. What is t(-118)?
-6
Let d(m) = m**3 + 67*m**2 - 69*m - 40. Calculate d(-68).
28
Let v(i) = i**3 + i**2 - 42*i - 59. Calculate v(-5).
51
Let f(j) = 13*j - 47. Give f(-15).
-242
Let d(t) = 5*t + 112. Calculate d(-11).
57
Let s(z) = 8*z**3 + 1925*z**2 - 751*z - 6743. Give s(-241).
5
Let q(d) = -110*d**2 - 21*d + 26. What is q(2)?
-456
Let h(q) = q**3 - q**2 - 2*q + 12. Calculate h(0).
12
Let l(j) = 10507*j + 63042. Determine l(-6).
0
Let a(i) = i**3 - 17*i**2 - 10*i - 148. Calculate a(17).
-318
Let b(k) = -12*k**3 + 5*k**2 - 14*k + 3. Give b(2).
-101
Let l(p) = 43*p**3 - 2*p**2 + p - 3. Determine l(1).
39
Let j(s) = 6*s**2 - 141*s + 319. What is j(20)?
-101
Let y(w) = -228*w + 10074. What is y(44)?
42
Let v(a) = -4*a**3 - 149*a**2 + 115*a + 34. What is v(-38)?
-4
Let t(o) = -2*o**2 - 21*o + 30. What is t(-11)?
19
Let u(j) = 8*j - 24. Give u(3).
0
Let y(b) = -20*b - 294. Calculate y(-15).
6
Let s(q) = 4*q**2 + 80*q - 579. What is s(-26)?
45
Let x(w) = -448*w + 5012. Calculate x(11).
84
Let q(r) = 67*r - 196. Calculate q(-9).
-799
Let x(h) = -1016*h + 7310. Give x(7).
198
Let p(a) = 37*a + 1131. Give p(-30).
21
Let a(q) = 58*q - 1751. Determine a(33).
163
Let f(a) = -2*a**3 + 266*a**2 + 267*a + 129. Determine f(134).
-5
Let b(h) = -2*h**2 - 69*h - 593. What is b(-17)?
2
Let c(l) = -l**3 + 9*l**2 - 15*l + 8. Determine c(6).
26
Let m(r) = -619*r - 6177. Give m(-10).
13
Let x(f) = 4*f**2 + 46*f + 51. Determine x(-16).
339
Let h(d) = -2*d**3 - 75*d**2 + 197*d - 118. Determine h(-40).
2
Let x(t) = -t**2 + 20*t - 242. Calculate x(21).
-263
Let c(x) = -2*x**2 - 4*x + 25. What is c(5)?
-45
Let m(s) = 1504*s - 10539. Give m(7).
-11
Let x(q) = -q**3 - 13*q**2 - 12*q + 2. Calculate x(-1).
2
Let v(k) = -26*k - 2384. Determine v(-92).
8
Let y(p) = -p**2 + 90*p - 345. Calculate y(4).
-1
Let l(i) = 43*i - 865. Give l(20).
-5
Let m(t) = -t**2 - 5*t + 141. Calculate m(21).
-405
Let s(h) = 3*h**2 - 21*h + 5. Determine s(4).
-31
Let t(x) = 3*x**2 + 58*x + 188. What is t(-15)?
-7
Let o(f) = f**3 - 6*f**2 - 26*f + 18. Give o(-7).
-437
Let x(g) = g**2 - 121*g - 357. Determine x(124).
15
Let t(i) = i**3 - 3*i**2 - 17*i + 41. What is t(5)?
6
Let g(k) = 3*k**2 + 76*k + 302. What is g(-20)?
-18
Let n(u) = 4*u + 482. Calculate n(13).
534
Let l(j) = j**3 - 52*j**2 - 13*j + 662. Determine l(52).
-14
Let w(o) = 20850*o + 62552. Calculate w(-3).
2
Let y(g) = g**2 + 208*g + 1594. Determine y(-8).
-6
Let v(j) = 290*j**2 + 6089*j - 31. What is v(-21)?
-10
Let y(q) = -225*q**2 - 2. What is y(-1)?
-227
Let s(o) = 76*o + 2324. Determine s(-39).
-640
Let a(g) = -99*g + 13187. What is a(133)?
20
Let c(p) = p**3 - 104*p**2 - 98*p - 7